{"id":155,"date":"2025-01-06T10:55:22","date_gmt":"2025-01-06T09:55:22","guid":{"rendered":"https:\/\/ecriresourire.wordpress.com\/?page_id=155"},"modified":"2025-12-09T18:56:05","modified_gmt":"2025-12-09T18:56:05","slug":"les-ateliers","status":"publish","type":"page","link":"https:\/\/ecriresourire19.fr\/?page_id=155","title":{"rendered":"Les Ateliers"},"content":{"rendered":"\n<hr class=\"wp-block-separator has-alpha-channel-opacity\"\/>\n\n\n\n<div class=\"wp-block-columns has-background is-layout-flex wp-container-core-columns-is-layout-1 wp-block-columns-is-layout-flex\" style=\"border-style:none;border-width:0%;background-color:#decdd1;margin-top:0;margin-bottom:0;padding-top:0;padding-right:0;padding-bottom:0;padding-left:0\">\n<div class=\"wp-block-column is-layout-flow wp-block-column-is-layout-flow\" style=\"flex-basis:33.33%\">\n<p class=\"has-text-align-center has-kingthings-trypewriter-2-font-family\" style=\"margin-top:0;margin-right:0;margin-bottom:0;margin-left:0\"><br><mark style=\"background-color:#f1c4c4\" class=\"has-inline-color\">Prochains ateliers <\/mark><\/p>\n\n\n\n<p class=\"has-text-align-center has-kingthings-trypewriter-2-font-family\" style=\"margin-top:0;margin-right:0;margin-bottom:0;margin-left:0\"><mark style=\"background-color:#f1c4c4\" class=\"has-inline-color\">d&rsquo;\u00e9criture<\/mark> <\/p>\n\n\n\n<p class=\"has-text-align-center has-kingthings-trypewriter-2-font-family\" style=\"margin-top:0;margin-right:0;margin-bottom:0;margin-left:0\">tous public<\/p>\n\n\n\n<p class=\"has-text-align-center has-kingthings-trypewriter-2-font-family\" style=\"margin-top:0;margin-right:0;margin-bottom:0;margin-left:0\">participation conseill\u00e9e&nbsp;: 7euros, troc possible<\/p>\n\n\n\n<p><\/p>\n<\/div>\n\n\n\n<div class=\"wp-block-column is-layout-flow wp-block-column-is-layout-flow\" style=\"flex-basis:66.66%\">\n<ul class=\"wp-block-list\">\n<li>Saint-Paul, vendredi&nbsp;27 mars 2026, 18h-19-30, Maison des Associations<\/li>\n\n\n\n<li>Saint-Paul,  vendredi&nbsp;10 avril, 18h-19-30, Maison des associations<\/li>\n\n\n\n<li>Argentat-sur-Dordogne, mardi 14 avril, 16h-17h30, chez Binsa       (me contacter pour l&rsquo;adresse)<\/li>\n\n\n\n<li>Rivi\u00e8re, Argentat-sur-Dordogne, jeudi 23 avril, 17h-18h30, au Relais du Doustre<br> <a href=\"http:\/\/ecriresourire19[at]ilico.org\">http:\/\/ecriresourire19[at]ilico.org<\/a> \/ 0771169698<\/li>\n<\/ul>\n<\/div>\n<\/div>\n\n\n\n<hr class=\"wp-block-separator has-alpha-channel-opacity\"\/>\n\n\n\n<div class=\"wp-block-group has-global-padding is-layout-constrained wp-block-group-is-layout-constrained\">\n<div class=\"wp-block-group is-nowrap is-layout-flex wp-container-core-group-is-layout-1 wp-block-group-is-layout-flex\">\n<figure class=\"wp-block-image size-large is-resized wp-duotone-blue-orange\"><img loading=\"lazy\" decoding=\"async\" width=\"1688\" height=\"1051\" src=\"https:\/\/ecriresourire19.fr\/wp-content\/uploads\/2025\/01\/plumeinclinee-01.png?w=1024\" alt=\"\" class=\"wp-image-180\" style=\"width:60px;height:auto\" srcset=\"https:\/\/ecriresourire19.fr\/wp-content\/uploads\/2025\/01\/plumeinclinee-01.png 1688w, https:\/\/ecriresourire19.fr\/wp-content\/uploads\/2025\/01\/plumeinclinee-01-300x187.png 300w, https:\/\/ecriresourire19.fr\/wp-content\/uploads\/2025\/01\/plumeinclinee-01-1024x638.png 1024w, https:\/\/ecriresourire19.fr\/wp-content\/uploads\/2025\/01\/plumeinclinee-01-768x478.png 768w, https:\/\/ecriresourire19.fr\/wp-content\/uploads\/2025\/01\/plumeinclinee-01-1536x956.png 1536w\" sizes=\"auto, (max-width: 1688px) 100vw, 1688px\" \/><\/figure>\n\n\n\n<pre class=\"wp-block-preformatted has-kingthings-trypewriter-2-font-family\">Les ateliers pour les personnes ag\u00e9es <\/pre>\n<\/div>\n\n\n\n<p>Se raconter autour d&rsquo;un th\u00e9 ? Faire travailler la m\u00e9moire, redonner de l&rsquo;importance aux personnes vieillissantes et \u00e0 tout ce qu&rsquo;elles peuvent  nous apporter, voil\u00e0 l&rsquo;id\u00e9e\u2026 Pour des groupes en capacit\u00e9 d&rsquo;\u00e9crire, ou pas, je peux aussi \u00e9couter et \u00e9crire pour vous.<\/p>\n\n\n\n<hr class=\"wp-block-separator has-alpha-channel-opacity is-style-default\"\/>\n<\/div>\n\n\n\n<div class=\"wp-block-group is-nowrap is-layout-flex wp-container-core-group-is-layout-3 wp-block-group-is-layout-flex\">\n<figure class=\"wp-block-image size-large is-resized wp-duotone-blue-red\"><img loading=\"lazy\" decoding=\"async\" width=\"1688\" height=\"1051\" src=\"https:\/\/ecriresourire19.fr\/wp-content\/uploads\/2025\/01\/plumeinclinee-01.png?w=1024\" alt=\"\" class=\"wp-image-180\" style=\"width:60px;height:auto\" srcset=\"https:\/\/ecriresourire19.fr\/wp-content\/uploads\/2025\/01\/plumeinclinee-01.png 1688w, https:\/\/ecriresourire19.fr\/wp-content\/uploads\/2025\/01\/plumeinclinee-01-300x187.png 300w, https:\/\/ecriresourire19.fr\/wp-content\/uploads\/2025\/01\/plumeinclinee-01-1024x638.png 1024w, https:\/\/ecriresourire19.fr\/wp-content\/uploads\/2025\/01\/plumeinclinee-01-768x478.png 768w, https:\/\/ecriresourire19.fr\/wp-content\/uploads\/2025\/01\/plumeinclinee-01-1536x956.png 1536w\" sizes=\"auto, (max-width: 1688px) 100vw, 1688px\" \/><\/figure>\n\n\n\n<pre class=\"wp-block-preformatted has-kingthings-trypewriter-2-font-family\">Les ados s'expriment<\/pre>\n<\/div>\n\n\n\n<p>Parce que les jeunes ont beaucoup \u00e0 dire. En rappant, en jouant, n&rsquo;ayez pas peur de ce grand mot qu&rsquo;est l&rsquo;\u00e9criture, elle est accessible \u00e0 tous, vous serez surpris de ce qu&rsquo;elle offre. <\/p>\n\n\n\n<div class=\"wp-block-group has-global-padding is-layout-constrained wp-block-group-is-layout-constrained\">\n<div class=\"wp-block-group is-content-justification-center is-nowrap is-layout-flex wp-container-core-group-is-layout-4 wp-block-group-is-layout-flex\">\n<figure class=\"wp-block-image size-large is-resized has-custom-border\"><a href=\"https:\/\/ecriresourire19.fr\/wp-content\/uploads\/2025\/01\/trousse-49-janvier-2024-rap_001943.jpg\" target=\"_blank\" rel=\" noreferrer noopener\"><img decoding=\"async\" src=\"https:\/\/ecriresourire19.fr\/wp-content\/uploads\/2025\/01\/trousse-49-janvier-2024-rap_001943.jpg?w=722\" alt=\"\" class=\"wp-image-318\" style=\"border-radius:10px;box-shadow:12px 12px 50px rgba(0, 0, 0, 0.4);width:216px;height:auto\"\/><\/a><\/figure>\n\n\n\n<figure class=\"wp-block-image size-large is-resized has-custom-border\"><a href=\"https:\/\/ecriresourire19.fr\/wp-content\/uploads\/2025\/01\/trousse-46-avril-2023-pole-emploi.jpg\" target=\"_blank\" rel=\" noreferrer noopener\"><img loading=\"lazy\" decoding=\"async\" width=\"1862\" height=\"1528\" src=\"https:\/\/ecriresourire19.fr\/wp-content\/uploads\/2025\/01\/trousse-46-avril-2023-pole-emploi.jpg?w=1024\" alt=\"\" class=\"wp-image-319\" style=\"border-radius:12px;box-shadow:12px 12px 50px rgba(0, 0, 0, 0.4);width:356px;height:auto\" srcset=\"https:\/\/ecriresourire19.fr\/wp-content\/uploads\/2025\/01\/trousse-46-avril-2023-pole-emploi.jpg 1862w, https:\/\/ecriresourire19.fr\/wp-content\/uploads\/2025\/01\/trousse-46-avril-2023-pole-emploi-300x246.jpg 300w, https:\/\/ecriresourire19.fr\/wp-content\/uploads\/2025\/01\/trousse-46-avril-2023-pole-emploi-1024x840.jpg 1024w, https:\/\/ecriresourire19.fr\/wp-content\/uploads\/2025\/01\/trousse-46-avril-2023-pole-emploi-768x630.jpg 768w, https:\/\/ecriresourire19.fr\/wp-content\/uploads\/2025\/01\/trousse-46-avril-2023-pole-emploi-1536x1260.jpg 1536w\" sizes=\"auto, (max-width: 1862px) 100vw, 1862px\" \/><\/a><\/figure>\n<\/div>\n<\/div>\n\n\n\n<figure class=\"wp-block-image size-large has-custom-border\"><a href=\"https:\/\/ecriresourire19.fr\/wp-content\/uploads\/2025\/01\/trousse-45-janvier-2023_001934.jpg\" target=\"_blank\" rel=\" noreferrer noopener\"><img loading=\"lazy\" decoding=\"async\" width=\"1024\" height=\"890\" src=\"https:\/\/ecriresourire19.fr\/wp-content\/uploads\/2025\/01\/trousse-45-janvier-2023_001934-1024x890.jpg\" alt=\"\" class=\"wp-image-376\" style=\"border-radius:33px;box-shadow:12px 12px 50px rgba(0, 0, 0, 0.4)\" srcset=\"https:\/\/ecriresourire19.fr\/wp-content\/uploads\/2025\/01\/trousse-45-janvier-2023_001934-1024x890.jpg 1024w, https:\/\/ecriresourire19.fr\/wp-content\/uploads\/2025\/01\/trousse-45-janvier-2023_001934-300x261.jpg 300w, https:\/\/ecriresourire19.fr\/wp-content\/uploads\/2025\/01\/trousse-45-janvier-2023_001934-768x668.jpg 768w, https:\/\/ecriresourire19.fr\/wp-content\/uploads\/2025\/01\/trousse-45-janvier-2023_001934-1536x1336.jpg 1536w, https:\/\/ecriresourire19.fr\/wp-content\/uploads\/2025\/01\/trousse-45-janvier-2023_001934.jpg 1854w\" sizes=\"auto, (max-width: 1024px) 100vw, 1024px\" \/><\/a><\/figure>\n\n\n\n<hr class=\"wp-block-separator has-alpha-channel-opacity is-style-default\"\/>\n\n\n\n<div class=\"wp-block-group is-nowrap is-layout-flex wp-container-core-group-is-layout-6 wp-block-group-is-layout-flex\">\n<figure class=\"wp-block-image size-large is-resized wp-duotone-purple-yellow\"><img loading=\"lazy\" decoding=\"async\" width=\"1688\" height=\"1051\" src=\"https:\/\/ecriresourire19.fr\/wp-content\/uploads\/2025\/01\/plumeinclinee-01.png?w=1024\" alt=\"\" class=\"wp-image-180\" style=\"width:60px;height:auto\" srcset=\"https:\/\/ecriresourire19.fr\/wp-content\/uploads\/2025\/01\/plumeinclinee-01.png 1688w, https:\/\/ecriresourire19.fr\/wp-content\/uploads\/2025\/01\/plumeinclinee-01-300x187.png 300w, https:\/\/ecriresourire19.fr\/wp-content\/uploads\/2025\/01\/plumeinclinee-01-1024x638.png 1024w, https:\/\/ecriresourire19.fr\/wp-content\/uploads\/2025\/01\/plumeinclinee-01-768x478.png 768w, https:\/\/ecriresourire19.fr\/wp-content\/uploads\/2025\/01\/plumeinclinee-01-1536x956.png 1536w\" sizes=\"auto, (max-width: 1688px) 100vw, 1688px\" \/><\/figure>\n\n\n\n<pre class=\"wp-block-preformatted has-kingthings-trypewriter-2-font-family\">Les ateliers tous publics<\/pre>\n<\/div>\n\n\n\n<p>Pour tous ceux qui ont envie de partager \u00e0 plusieurs un moment ludique d&rsquo;\u00e9criture et de lecture.<\/p>\n\n\n\n<hr class=\"wp-block-separator has-alpha-channel-opacity\"\/>\n\n\n\n<p class=\"has-text-align-center\">\u00c9crire &amp; Sourire propose deux types d&rsquo;ateliers.<\/p>\n\n\n\n<p class=\"has-text-align-center\"> Des ateliers d&rsquo;\u00e9criture o\u00f9 les participants prennent la plume et produisent leurs textes. Des ateliers de recueil de paroles, o\u00f9 \u00c9crire &amp; Sourire r\u00e9dige un texte \u00e0 partir de ces s\u00e9ances.<\/p>\n\n\n\n<p class=\"has-text-align-center has-kingthings-trypewriter-2-font-family\" style=\"font-size:clamp(0.984rem, 0.984rem + ((1vw - 0.2rem) * 1.214), 1.5rem);\">Tarifs<\/p>\n\n\n\n<p>Ateliers d&rsquo;\u00e9criture (1h30 &#8211; 6 personnes minimum) :<\/p>\n\n\n\n<ul class=\"wp-block-list\">\n<li>Atelier ponctuel  : 60\u20ac<br><\/li>\n\n\n\n<li>Formule abonnement &#8211; 6 s\u00e9ances : 340\u20ac<br><\/li>\n\n\n\n<li>Formule abonnement &#8211; 12 s\u00e9ances : 650\u20ac<\/li>\n<\/ul>\n\n\n\n<p class=\"has-text-align-center\"><em> Des frais kilom\u00e9triques sont \u00e0 ajouter \u00e0 0,40\u20ac\/km<\/em>.<\/p>\n\n\n\n<p>Ateliers recueil de paroles (1h30) :<\/p>\n\n\n\n<ul class=\"wp-block-list\">\n<li>Atelier ponctuel : 120\u20ac<br><\/li>\n\n\n\n<li>Formule abonnement &#8211; 6 s\u00e9ances : 680\u20ac<\/li>\n<\/ul>\n\n\n\n<ul class=\"wp-block-list\">\n<li>Formule abonnement &#8211; 12 s\u00e9ances : 1300\u20ac<\/li>\n<\/ul>\n\n\n\n<p class=\"has-text-align-center\"><em> Des frais kilom\u00e9triques sont \u00e0 ajouter \u00e0 0,40\u20ac\/km<\/em>.<\/p>\n\n\n\n<p class=\"has-text-align-center\">N&rsquo;h\u00e9sitez pas \u00e0 me contacter par mail pour toutes demandes de renseignements compl\u00e9mentaires ou de devis personnalis\u00e9.<\/p>\n","protected":false},"excerpt":{"rendered":"<p>Les ateliers pour les personnes ag\u00e9es Se raconter autour d&rsquo;un th\u00e9 ? Faire travailler la m\u00e9moire, redonner de l&rsquo;importance aux personnes vieillissantes et \u00e0 tout ce qu&rsquo;elles peuvent nous apporter, voil\u00e0 l&rsquo;id\u00e9e\u2026 Pour des groupes en capacit\u00e9 d&rsquo;\u00e9crire, ou pas, je peux aussi \u00e9couter et \u00e9crire pour vous. Les ados s&rsquo;expriment Parce que les jeunes [&hellip;]<\/p>\n","protected":false},"author":2,"featured_media":0,"parent":0,"menu_order":0,"comment_status":"closed","ping_status":"closed","template":"","meta":{"footnotes":""},"class_list":["post-155","page","type-page","status-publish","hentry"],"_links":{"self":[{"href":"https:\/\/ecriresourire19.fr\/index.php?rest_route=\/wp\/v2\/pages\/155","targetHints":{"allow":["GET"]}}],"collection":[{"href":"https:\/\/ecriresourire19.fr\/index.php?rest_route=\/wp\/v2\/pages"}],"about":[{"href":"https:\/\/ecriresourire19.fr\/index.php?rest_route=\/wp\/v2\/types\/page"}],"author":[{"embeddable":true,"href":"https:\/\/ecriresourire19.fr\/index.php?rest_route=\/wp\/v2\/users\/2"}],"replies":[{"embeddable":true,"href":"https:\/\/ecriresourire19.fr\/index.php?rest_route=%2Fwp%2Fv2%2Fcomments&post=155"}],"version-history":[{"count":4,"href":"https:\/\/ecriresourire19.fr\/index.php?rest_route=\/wp\/v2\/pages\/155\/revisions"}],"predecessor-version":[{"id":584,"href":"https:\/\/ecriresourire19.fr\/index.php?rest_route=\/wp\/v2\/pages\/155\/revisions\/584"}],"wp:attachment":[{"href":"https:\/\/ecriresourire19.fr\/index.php?rest_route=%2Fwp%2Fv2%2Fmedia&parent=155"}],"curies":[{"name":"wp","href":"https:\/\/api.w.org\/{rel}","templated":true}]}}