{"id":171,"date":"2025-01-06T10:57:47","date_gmt":"2025-01-06T09:57:47","guid":{"rendered":"https:\/\/ecriresourire.wordpress.com\/?page_id=171"},"modified":"2025-02-08T15:04:12","modified_gmt":"2025-02-08T15:04:12","slug":"les-lectures","status":"publish","type":"page","link":"https:\/\/ecriresourire19.fr\/?page_id=171","title":{"rendered":"Les lectures"},"content":{"rendered":"\n<hr class=\"wp-block-separator has-alpha-channel-opacity\"\/>\n\n\n\n<div class=\"wp-block-group is-nowrap is-layout-flex wp-container-core-group-is-layout-1 wp-block-group-is-layout-flex\">\n<figure class=\"wp-block-image size-large is-resized wp-duotone-purple-green\"><img loading=\"lazy\" decoding=\"async\" width=\"1688\" height=\"1051\" src=\"https:\/\/ecriresourire19.fr\/wp-content\/uploads\/2025\/01\/plumeinclinee-01.png?w=1024\" alt=\"\" class=\"wp-image-180\" style=\"width:66px;height:auto\" srcset=\"https:\/\/ecriresourire19.fr\/wp-content\/uploads\/2025\/01\/plumeinclinee-01.png 1688w, https:\/\/ecriresourire19.fr\/wp-content\/uploads\/2025\/01\/plumeinclinee-01-300x187.png 300w, https:\/\/ecriresourire19.fr\/wp-content\/uploads\/2025\/01\/plumeinclinee-01-1024x638.png 1024w, https:\/\/ecriresourire19.fr\/wp-content\/uploads\/2025\/01\/plumeinclinee-01-768x478.png 768w, https:\/\/ecriresourire19.fr\/wp-content\/uploads\/2025\/01\/plumeinclinee-01-1536x956.png 1536w\" sizes=\"auto, (max-width: 1688px) 100vw, 1688px\" \/><\/figure>\n\n\n\n<pre class=\"wp-block-preformatted has-kingthings-trypewriter-2-font-family\">En public<\/pre>\n<\/div>\n\n\n\n<p>J&rsquo;aime \u00e9crire, lire mes textes ou ceux d&rsquo;auteurs qui me touchent. C&rsquo;est un plaisir que j&rsquo;aime partager.<\/p>\n\n\n\n<p>Tarif : 70\u20ac de l&rsquo;heure + frais kilom\u00e9triques 0,40\u20ac\/km<\/p>\n\n\n\n<figure class=\"wp-block-video\"><video controls poster=\"https:\/\/ecriresourire19.fr\/wp-content\/uploads\/2025\/02\/banniere_Plan-de-travail-1.png\" src=\"https:\/\/ecriresourire19.fr\/wp-content\/uploads\/2025\/02\/P1080789_3.mp4\"><\/video><\/figure>\n\n\n\n<hr class=\"wp-block-separator has-alpha-channel-opacity\"\/>\n\n\n\n<div class=\"wp-block-group is-nowrap is-layout-flex wp-container-core-group-is-layout-2 wp-block-group-is-layout-flex\">\n<figure class=\"wp-block-image size-large is-resized wp-duotone-blue-orange\"><img loading=\"lazy\" decoding=\"async\" width=\"1688\" height=\"1051\" src=\"https:\/\/ecriresourire19.fr\/wp-content\/uploads\/2025\/01\/plumeinclinee-01.png?w=1024\" alt=\"\" class=\"wp-image-180\" style=\"width:66px;height:auto\" srcset=\"https:\/\/ecriresourire19.fr\/wp-content\/uploads\/2025\/01\/plumeinclinee-01.png 1688w, https:\/\/ecriresourire19.fr\/wp-content\/uploads\/2025\/01\/plumeinclinee-01-300x187.png 300w, https:\/\/ecriresourire19.fr\/wp-content\/uploads\/2025\/01\/plumeinclinee-01-1024x638.png 1024w, https:\/\/ecriresourire19.fr\/wp-content\/uploads\/2025\/01\/plumeinclinee-01-768x478.png 768w, https:\/\/ecriresourire19.fr\/wp-content\/uploads\/2025\/01\/plumeinclinee-01-1536x956.png 1536w\" sizes=\"auto, (max-width: 1688px) 100vw, 1688px\" \/><\/figure>\n\n\n\n<pre class=\"wp-block-preformatted has-kingthings-trypewriter-2-font-family\">Format plus intime<\/pre>\n<\/div>\n\n\n\n<p>Certains n&rsquo;ont plus ou pas acc\u00e8s \u00e0 la lecture, sont isol\u00e9s par la maladie ou la vieillesse, je viens tenir compagnie et bercer de mots.<\/p>\n\n\n\n<p>Tarifs : <br>&#8211; 50\u20ac de l&rsquo;heure <br>&#8211; Forfait 4 s\u00e9ances : 190\u20ac <br>&#8211; Forfait 12 s\u00e9ances : 580\u20ac<br>+ frais kilom\u00e9triques 0,40\u20ac\/km<\/p>\n","protected":false},"excerpt":{"rendered":"<p>En public J&rsquo;aime \u00e9crire, lire mes textes ou ceux d&rsquo;auteurs qui me touchent. C&rsquo;est un plaisir que j&rsquo;aime partager. Tarif : 70\u20ac de l&rsquo;heure + frais kilom\u00e9triques 0,40\u20ac\/km Format plus intime Certains n&rsquo;ont plus ou pas acc\u00e8s \u00e0 la lecture, sont isol\u00e9s par la maladie ou la vieillesse, je viens tenir compagnie et bercer de [&hellip;]<\/p>\n","protected":false},"author":2,"featured_media":0,"parent":0,"menu_order":0,"comment_status":"closed","ping_status":"closed","template":"","meta":{"footnotes":""},"class_list":["post-171","page","type-page","status-publish","hentry"],"_links":{"self":[{"href":"https:\/\/ecriresourire19.fr\/index.php?rest_route=\/wp\/v2\/pages\/171","targetHints":{"allow":["GET"]}}],"collection":[{"href":"https:\/\/ecriresourire19.fr\/index.php?rest_route=\/wp\/v2\/pages"}],"about":[{"href":"https:\/\/ecriresourire19.fr\/index.php?rest_route=\/wp\/v2\/types\/page"}],"author":[{"embeddable":true,"href":"https:\/\/ecriresourire19.fr\/index.php?rest_route=\/wp\/v2\/users\/2"}],"replies":[{"embeddable":true,"href":"https:\/\/ecriresourire19.fr\/index.php?rest_route=%2Fwp%2Fv2%2Fcomments&post=171"}],"version-history":[{"count":7,"href":"https:\/\/ecriresourire19.fr\/index.php?rest_route=\/wp\/v2\/pages\/171\/revisions"}],"predecessor-version":[{"id":451,"href":"https:\/\/ecriresourire19.fr\/index.php?rest_route=\/wp\/v2\/pages\/171\/revisions\/451"}],"wp:attachment":[{"href":"https:\/\/ecriresourire19.fr\/index.php?rest_route=%2Fwp%2Fv2%2Fmedia&parent=171"}],"curies":[{"name":"wp","href":"https:\/\/api.w.org\/{rel}","templated":true}]}}