{"id":33,"date":"2024-11-14T14:17:50","date_gmt":"2024-11-14T13:17:50","guid":{"rendered":"https:\/\/ecriresourire.wordpress.com\/?page_id=33"},"modified":"2026-02-13T10:16:34","modified_gmt":"2026-02-13T10:16:34","slug":"a-propos-decrire-sourire","status":"publish","type":"page","link":"https:\/\/ecriresourire19.fr\/?page_id=33","title":{"rendered":"\u00c0 propos d&rsquo;\u00e9crire &amp; sourire"},"content":{"rendered":"\n<div class=\"wp-block-group alignfull has-global-padding is-content-justification-center is-layout-constrained wp-container-core-group-is-layout-2 wp-block-group-is-layout-constrained\" style=\"margin-top:0;margin-bottom:0;padding-top:calc( 0.5 * var(--wp--style--root--padding-right, var(--wp--custom--gap--horizontal)));padding-right:var(--wp--style--root--padding-right, var(--wp--custom--gap--horizontal));padding-bottom:calc( 0.5 * var(--wp--style--root--padding-right, var(--wp--custom--gap--horizontal)));padding-left:var(--wp--style--root--padding-left, var(--wp--custom--gap--horizontal))\">\n<h2 class=\"wp-block-heading has-text-align-center\">\u00e9crire ?<\/h2>\n\n\n\n<p class=\"has-text-align-center\">Tout au long de ma vie j&rsquo;ai \u00e9crit. <\/p>\n\n\n\n<p class=\"has-text-align-left\">\u00c9crit pour d\u00e9fendre mes int\u00e9r\u00eats,<br>\u00e9crit pour r\u00e9ussir mes \u00e9tudes (une licence d&rsquo;\u00e9conomie et un master en<br>sciences de l&rsquo;\u00e9ducation, puis plus r\u00e9cemment une formation de lectrice-correctrice), <br>\u00e9crit pour exprimer mes id\u00e9es, \u00e9crit pour me<br>lib\u00e9rer de noires pens\u00e9es ou simplement pour communiquer.<\/p>\n\n\n\n<p class=\"has-text-align-left\">Aujourd&rsquo;hui, \u00e0 40&nbsp;ans, mettre ma plume au service des autres m&rsquo;appara\u00eet comme une \u00e9vidence.<\/p>\n\n\n\n<p class=\"has-text-align-left\">Le cheminement a \u00e9t\u00e9 long mais \u00e7a valait le coup, je me sens \u00e0 ma place et j&rsquo;ai envie d&rsquo;\u00eatre \u00e0 vos c\u00f4t\u00e9s, que ma plume vous soit utile.<\/p>\n\n\n\n<p class=\"has-text-align-right\"><br>\u00c9crire c&rsquo;est le moyen, sourire c&rsquo;est la finalit\u00e9.<\/p>\n\n\n\n<p class=\"has-text-align-center\"><br><\/p>\n\n\n\n<h2 class=\"wp-block-heading has-text-align-left\"><br>et concr\u00e8tement ?<\/h2>\n\n\n\n<div class=\"wp-block-group is-content-justification-right is-nowrap is-layout-flex wp-container-core-group-is-layout-1 wp-block-group-is-layout-flex\">\n<figure class=\"wp-block-image size-large is-resized\"><img loading=\"lazy\" decoding=\"async\" width=\"1688\" height=\"1051\" src=\"https:\/\/ecriresourire19.fr\/wp-content\/uploads\/2025\/01\/plumeinclinee-01.png?w=1024\" alt=\"\" class=\"wp-image-180\" style=\"width:202px;height:auto\" srcset=\"https:\/\/ecriresourire19.fr\/wp-content\/uploads\/2025\/01\/plumeinclinee-01.png 1688w, https:\/\/ecriresourire19.fr\/wp-content\/uploads\/2025\/01\/plumeinclinee-01-300x187.png 300w, https:\/\/ecriresourire19.fr\/wp-content\/uploads\/2025\/01\/plumeinclinee-01-1024x638.png 1024w, https:\/\/ecriresourire19.fr\/wp-content\/uploads\/2025\/01\/plumeinclinee-01-768x478.png 768w, https:\/\/ecriresourire19.fr\/wp-content\/uploads\/2025\/01\/plumeinclinee-01-1536x956.png 1536w\" sizes=\"auto, (max-width: 1688px) 100vw, 1688px\" \/><\/figure>\n\n\n\n<p class=\"has-text-align-right\">Des ateliers d&rsquo;\u00e9criture,<br>de l&rsquo;aide \u00e0 la r\u00e9daction,<br>de la correction,<br>de la lecture,<br>de l&rsquo;\u00e9coute pour raconter<br>ce que vous auriez aim\u00e9 \u00e9crire&#8230; Qu&rsquo;il s&rsquo;agisse de vos m\u00e9moires, du portrait d&rsquo;un proche, de rendre hommage \u00e0 quelqu&rsquo;un qui vous est cher&#8230; Les formes sont diverses et elles peuvent encore s&rsquo;inventer. <\/p>\n<\/div>\n\n\n\n<figure class=\"wp-block-image size-large\"><img loading=\"lazy\" decoding=\"async\" width=\"837\" height=\"1024\" src=\"https:\/\/ecriresourire19.fr\/wp-content\/uploads\/2026\/02\/photo-site-837x1024.jpg\" alt=\"\" class=\"wp-image-607\" srcset=\"https:\/\/ecriresourire19.fr\/wp-content\/uploads\/2026\/02\/photo-site-837x1024.jpg 837w, https:\/\/ecriresourire19.fr\/wp-content\/uploads\/2026\/02\/photo-site-245x300.jpg 245w, https:\/\/ecriresourire19.fr\/wp-content\/uploads\/2026\/02\/photo-site-768x939.jpg 768w, https:\/\/ecriresourire19.fr\/wp-content\/uploads\/2026\/02\/photo-site-1256x1536.jpg 1256w, https:\/\/ecriresourire19.fr\/wp-content\/uploads\/2026\/02\/photo-site-1675x2048.jpg 1675w\" sizes=\"auto, (max-width: 837px) 100vw, 837px\" \/><\/figure>\n\n\n\n<hr class=\"wp-block-separator has-alpha-channel-opacity is-style-dots\"\/>\n\n\n\n<h2 class=\"wp-block-heading has-text-align-right\">Comment s&rsquo;y prendre ?<\/h2>\n<\/div>\n\n\n\n<p>En consultant mon site internet &#8211; vous \u00eates au bon endroit !<\/p>\n\n\n\n<p>ou en me contactant pour \u00e9valuer vos besoins et r\u00e9fl\u00e9chir \u00e0 la mani\u00e8re dont je peux y r\u00e9pondre : <\/p>\n\n\n\n<p class=\"has-text-align-center has-kingthings-trypewriter-2-font-family\" style=\"font-style:normal;font-weight:700\">ecriresourire19[at]ilico.org \/ 07 71 16 96 98<\/p>\n","protected":false},"excerpt":{"rendered":"<p>\u00e9crire ? Tout au long de ma vie j&rsquo;ai \u00e9crit. \u00c9crit pour d\u00e9fendre mes int\u00e9r\u00eats,\u00e9crit pour r\u00e9ussir mes \u00e9tudes (une licence d&rsquo;\u00e9conomie et un master ensciences de l&rsquo;\u00e9ducation, puis plus r\u00e9cemment une formation de lectrice-correctrice), \u00e9crit pour exprimer mes id\u00e9es, \u00e9crit pour melib\u00e9rer de noires pens\u00e9es ou simplement pour communiquer. Aujourd&rsquo;hui, \u00e0 40&nbsp;ans, mettre ma [&hellip;]<\/p>\n","protected":false},"author":2,"featured_media":0,"parent":0,"menu_order":0,"comment_status":"closed","ping_status":"closed","template":"","meta":{"footnotes":""},"class_list":["post-33","page","type-page","status-publish","hentry"],"_links":{"self":[{"href":"https:\/\/ecriresourire19.fr\/index.php?rest_route=\/wp\/v2\/pages\/33","targetHints":{"allow":["GET"]}}],"collection":[{"href":"https:\/\/ecriresourire19.fr\/index.php?rest_route=\/wp\/v2\/pages"}],"about":[{"href":"https:\/\/ecriresourire19.fr\/index.php?rest_route=\/wp\/v2\/types\/page"}],"author":[{"embeddable":true,"href":"https:\/\/ecriresourire19.fr\/index.php?rest_route=\/wp\/v2\/users\/2"}],"replies":[{"embeddable":true,"href":"https:\/\/ecriresourire19.fr\/index.php?rest_route=%2Fwp%2Fv2%2Fcomments&post=33"}],"version-history":[{"count":8,"href":"https:\/\/ecriresourire19.fr\/index.php?rest_route=\/wp\/v2\/pages\/33\/revisions"}],"predecessor-version":[{"id":613,"href":"https:\/\/ecriresourire19.fr\/index.php?rest_route=\/wp\/v2\/pages\/33\/revisions\/613"}],"wp:attachment":[{"href":"https:\/\/ecriresourire19.fr\/index.php?rest_route=%2Fwp%2Fv2%2Fmedia&parent=33"}],"curies":[{"name":"wp","href":"https:\/\/api.w.org\/{rel}","templated":true}]}}